 ((-3 - 7) + 4 - (-40 - 3)).
-32
Evaluate 102 - 124 - (-24 - -2).
0
Calculate -307 - -348 - (-52 - -2).
91
Calculate 1 - (-15 + (68 - 1 - (93 - 97))).
-55
-1 - -18 - (73 - 170 - -79)
35
Calculate 2 + (-40 - (11 - 20)).
-29
What is the value of 4 + -11 + (4 - 0) + 33 + -41 + 14?
3
What is the value of (-24 - -8) + (6 - -13) - (6 + 0)?
-3
Calculate (6 - (38 + 11) - -17) + 3.
-23
(6 - 9) + 0 + (-2 - 3) + -447 + 473
18
Calculate (210 - 216) + 8 + -5 + (-3 - 2 - 118).
-126
Evaluate -3 - 0 - ((25 - 63) + -75 - -38).
72
(0 + 1 - -36 - (432 + -444)) + -7
42
What is the value of 21 + 6 + 12 + -14?
25
(7 - (-1 + 22)) + 26 + -1 + 8
19
68 - ((2 - -9 - (-79 + 90)) + 2)
66
0 - 15 - (-74 + 4 + 101)
-46
Evaluate -38 - (-34 - (-61 - -115)).
50
What is the value of (-105 + 43 - -29) + -9?
-42
Calculate -4 - (21 + -18 + (3 - (-8 + 75 - -1))).
58
What is 9 - ((-51 - 11 - 4) + (11 - 12))?
76
0 + 59 + -872 + 805
-8
What is the value of -51 + 58 + -102 - -47?
-48
7 - 0 - (-53 - (-33 - -10) - -4)
33
Calculate -1 + -3 + (126 - (-3 - (10 + -21 - 15))).
99
-23 + (-1 + 18 - (-2063 - -2085))
-28
What is the value of (6 - 57) + 11 - (11 - (5 - -2))?
-44
What is the value of 30 + -36 + 0 + (7 - 3) + -24 + -1?
-27
What is the value of -107 + (4 + -7 - -8 - 5 - (3 - 12))?
-98
What is the value of -12 - -46 - 14 - 25?
-5
What is the value of -108 - (57 - (-25 - -144))?
-46
Evaluate (1 - 1) + (19 + -2 + -11 - -3) - -59.
68
What is the value of -246 + 8 + -62 + 183?
-117
What is 90 + (33 + 0 + -5 - 44)?
74
What is 0 - 34 - (21 + -41 + (30 - -9))?
-53
31 - 1 - (6 - -40)
-16
Evaluate 11 + (8 - 4) + (218 - 200).
33
-345 + 47 + 304 - (-46 - (-2 - -4))
54
Calculate 90 + (-68 + 52 - 21).
53
Calculate -5 + -4 + 0 + -2 + 7 + -18 + 9.
-13
What is -2 + (-54 - -41) + (-1 + 28 - 0)?
12
What is the value of -86 + (38 + -75 - -38) + 35?
-50
What is the value of 23 - (-1 + -12 + (254 - 234) - (-2 + -1))?
13
Evaluate (-9 - (-16 + 13)) + (-1 - (4 - 8)).
-3
What is the value of -10 + 3 + (71 - (8 + -5 + 8 + -5))?
58
6 + (5 - 1) + (-19 - 3 - -9 - 54)
-57
3 + (31 - (0 + -2)) + 240 + -91 + -152
33
(-13 - (-23 - -7)) + (-1 - (4 + -5 + 1))
2
Calculate (6 - -1) + (486 - 487) + -42.
-36
-57 - (-15 + 1 - (-187 - -135))
-95
What is -76 + 80 + (4 - (24 + -1)) + 3?
-12
Calculate -66 + 2 + 34 + -7 + -80 + 67.
-50
Evaluate 66 + 0 - (-1540 - -1596).
10
What is the value of (0 - -41) + (-31 - 2) + (109 - 95) + 11?
33
What is -1 - (-6 + 40) - (-2 - (7 + -8))?
-34
What is the value of 2 - 20 - (-7769 + 7678)?
73
-101 + 40 - (2 + 6 + (-11 - (-7 + 2)))
-63
What is -66 - (297 + -325 + 1 + 9)?
-48
-25 - (6 - 45) - -22
36
Evaluate -2 - ((-2 - -3 - -1 - 91) + (-97 - -98)).
86
Calculate -4 + 3 + -5 + -2325 + 2372.
41
15 + -26 + (3 - -89)
81
33 + (141 - (383 - 110))
-99
Calculate -81 + (17 - (-8 - -17 - 7)).
-66
-39 + (313 + -330 - (-2 + -21))
-33
2 + 21 - (-6 - (-94 - -4))
-61
What is the value of (-29 + -44 - -40) + 4 + (3 - 1)?
-27
-140 - -4 - (2307 - 2426)
-17
9 + -16 + (22 - 14) + -6 + -13
-18
What is the value of (5 - (4 - 1)) + 1 + -65 + 5248 + -5257?
-71
What is -41 - ((-5 - (-4 + (9 - 18) + 5)) + 1)?
-45
Calculate 19 - 92 - -73 - 81.
-81
What is the value of -2 + -13 + 25 + -16 - 14?
-20
Evaluate 583 + -587 + 26 + 2.
24
Calculate 65 + -24 + -65 - 33.
-57
Evaluate 19 - ((-54 - -79) + -26).
20
What is the value of (-12 - -16 - (0 + 9)) + -62 + 48 + 50?
31
What is -6 + -1 + 6 + 2 + 14 - (-3 + 3)?
15
What is 6 + -15 - (-14 + 30 + -3)?
-22
(10 - 3) + 33 + 123 + -143 - -14
34
Evaluate 20 - ((-281 - -281) + (-3 - 18)).
41
Calculate -88 + (-20 - -42) - -26.
-40
Calculate 41 + (4 - -5 - 19 - 5).
26
-9 + -38 - (-51 + -5) - (-47 + (1 - 3))
58
What is the value of -1833 + 1789 - (-16 + 9 + 1 + -2 + -2)?
-34
Calculate (-6 - -59 - 54) + -6 + 64 + 2.
59
What is the value of (-166 - -144) + (-50 - (2 - (-3 - -4)))?
-73
(0 - 56) + 40 + -39 - ((35 - 32) + -15)
-43
Calculate 107 - ((1 - -39) + 358 + -369).
78
2 + -40 + -2 + (-5 + -42 - 31) + 66
-52
(6 - -1) + -37 + -7 + (49 - 18) - 68
-74
Calculate 67 + (9 - 42 - 20).
14
Evaluate 2 - -1 - (569 - 591) - (8 + -5 - -8).
14
-1 - (-6 - (-20 + 3) - (-25 + 1))
-36
Evaluate -27 + (-24 + 33 - -13).
-5
What is -4 + (-1 - 15) + (-1 - 2) - (-18 + 7)?
-12
Evaluate -85 - 7 - (-108 + 63 + 6).
-53
Evaluate -255 + 131 + 253 - 99.
30
(1 - (0 - 2)) + (-35 + -9 + -18 - -12)
-47
-224 - -59 - -119 - -146
100
-26 + -29 + 33 - -15
-7
Evaluate -45 + 140 + (84 - 144).
35
Calculate 24 + (-3 - -2) + (-395 - -381) + -27 + 0.
-18
What is the value of -66 + 25 + (-124 - -118) + 0 + 2 + 12?
-33
What is 157 - (25 + 4 - (54 + -63))?
119
Calculate (0 + -3 - -8) + (-22 - (25 - 94)).
52
What is the value of -40 - ((-23 - -53) + -30) - -90?
50
Calculate -5181 + 5120 + (6 - -1 - (-5 - (1 + -4))).
-52
What is 1 + -3 - (-331 + 231 - -153)?
-55
What is -3 + (-13 - (28 + -36 + (-4 - -16)))?
-20
What is 86 + 26 + -215 + 98?
-5
-50 + 33 + (61 - 3)
41
-5 + (-6 - -23) + -46 + 43 + -12 + 0
-3
Evaluate 0 + 50 - (-15 + (-21 - -18) - (6 - 27)).
47
What is 44 + (-73 - 1) + 63?
33
Calculate 0 - 1 - (-26 + 27 - 35 - 13).
46
Calculate (44 - -4) + (414 - 402).
60
0 - 0 - (-29 + (16 - 21) + 4)
30
Calculate -19 + -59 + (9 - 39) + 19.
-89
-90 + (221 - 153) + -105
-127
Evaluate 47 + -8 + -46 - -26 - 47.
-28
What is -25 - (-9 + 1) - (80 + 6 + 5)?
-108
Evaluate 4 - -4 - 21 - (49 - 11).
-51
Evaluate 73 + 2 - (14 - 22 - 7 - (-7 + -1)).
82
49 + 2 - (-10 + 4 + (-6 - 1))
64
Calculate -40 + (-26 + (2 - -8) - -14 - 9).
-51
What is 46 - 45 - (-57 - -2) - 21?
35
Calculate -2 - (-58 - (-38 - -29)).
47
What is the value of (-19 - (-5 + 26 + -34)) + -9 + -6?
-21
What is the value of 100 + -53 - -11 - 24?
34
Calculate 122 + -47 + -33 + -48 + -2 + 0.
-8
What is the value of -104 - (-111 + -82 + 115)?
-26
13 + -15 + (-6 - (22 - 11))
-19
Evaluate 2 - (-10 + (-4 - (12 + -35))).
-7
What is 141 + (-17 - 132 - -139 - (1 - -12))?
118
What is the value of -84 + (69 - 54) + 118?
49
Calculate 48 - 4 - (2 + -12) - 3.
51
Calculate -30 - 163 - -125 - -154.
86
What is the value of -26 + (-10 - (-20 + (-8 - (-7 - 3))))?
-18
Evaluate ((-7 - -15) + 11 - 19) + 17.
17
Calculate -110 + -1 - (182 + (-253 - -72)).
-112
Evaluate -28 + -2 + 399 + -334.
35
What is the value of (24 - 21) + (-14 + 6 + -46 - (1 - 5))?
-47
Calculate -4 - -3 - (-242 - -224 - (-1 + -33) - 2).
-15
Calculate 5 - (-21 + 27 + -62 + 33).
28
-41 + 49 + -13 + -34
-39
Evaluate -61 - (-78 + (22 - -21)).
-26
What is the value of 49 + -4 + (-7 - (-33 + 17 + 4))?
50
Evaluate 0 + 22 + -6 + 29 + 12.
57
What is 93 + -88 + (38 - -2)?
45
Evaluate (6 - (9 + -11) - 2) + -9 + 10 + -30.
-23
-10 + -3 + (0 - -1) + (-223 - -230)
-5
Calculate 11 + 11 + 7 + -15 - 19.
-5
What is (-3 - -62) + -729 + 671?
1
What is 21 + -43 + 59 + (-5 - -2) + (-2 - 6)?
26
What is (-23 + 24 - -19) + 15 - (0 - 4)?
39
What is (-47 - -47) + (-23 + 9 - -45)?
31
6 + (-539 - -545) + -21 + -2
-11
What is -20 - (140 - 36 - 23)?
-101
What is 1 + (-2 - (47 + -47)) - (2 + -2)?
-1
Evaluate (7 - -1) + 32 + -4 - (17 - 4).
23
What is (30 - -9) + 130 + -156?
13
Evaluate (27 - (21 + 7 + -17)) + (0 - -7 - 0).
23
Calculate (106 - 14) + -26 - (11 - 1) - -11 - 5.
62
Evaluate 29 - (18 + -18 + (-1 - -60)).
-30
3 + 0 + 1 - (-155 + (339 - 176))
-4
335 + -317 + (1 - 16) - (3 - 15)
15
What is the value of 114 + -12 + -110 - 46?
-54
What is -10 - -2 - (-25 - (-97 + -4 + -24))?
-108
Evaluate 8 + (-39 - -6 - -15) + -17.
-27
What is -34 + (-89 - (-43 + -18))?
-62
Evaluate (-23 + 4 - -1) + -1490 + 1531.
23
-51 + 145 + (-160 - -87)
21
What is (133 - (-3 - -10)) + 14 + (-3 + 2 - 8)?
131
Calculate -10 - (1 + (-16 - 50)) - 3.
52
What is -13 - (-55 - (4 - (-11 - -22)))?
35
What is (206 - (-241 - -456)) + (0 + -2 - 2)?
-13
What is the value of -1 + (-1 - 2) - 3 - (-10188 + 10136)?
45
Calculate (40 + -18 - 90) + -3.
-71
What is -48 - (-68 - (-119 + 76))?
-23
Calculate (3 + -4 - (4 - 8)) + 37.
40
28 - ((-33 - -85) + -50)
26
Evaluate -7 - (2 + -4 + 34 + 71 + -86).
-24
-51 - (19 + 5 - 17) - -20
-38
Evaluate 68 - (110 + 32 + -16).
-58
Evaluate 0 + -804 + 798 + (-1 - 2 - (-27 + -2)).
20
Calculate (0 - 20) + (-11051 - -11065).
-6
What is the value of 14 + 0 + (-6 - 15 - -31)?
24
Evaluate -47 + (-19 - -7 - -74).
15
What is 40 + (8 - 6) - ((14 - -7) + -33)?
54
Calculate 17 - (-59 + -6 - -1